{"id":642,"date":"2015-01-25T14:17:27","date_gmt":"2015-01-25T14:17:27","guid":{"rendered":"http:\/\/www.amsat-ct.pt\/?page_id=642"},"modified":"2015-03-15T07:25:46","modified_gmt":"2015-03-15T07:25:46","slug":"numa-incessante-partilha-de-recursos-e-projectos","status":"publish","type":"page","link":"https:\/\/www.amsat-ct.pt\/?page_id=642","title":{"rendered":"Incessante partilha de recursos e projectos"},"content":{"rendered":"<div id=\"attachment_174\" style=\"width: 310px\" class=\"wp-caption alignleft\"><a href=\"https:\/\/www.amsat-ct.pt\/wp-content\/uploads\/2015\/01\/AMRAD-AMSAT-CT-CS5CEP3.png\"><img loading=\"lazy\" decoding=\"async\" aria-describedby=\"caption-attachment-174\" class=\"wp-image-174 size-medium\" src=\"https:\/\/www.amsat-ct.pt\/wp-content\/uploads\/2015\/01\/AMRAD-AMSAT-CT-CS5CEP3-300x200.png\" alt=\"sala do CS5CEP\" width=\"300\" height=\"200\" \/><\/a><p id=\"caption-attachment-174\" class=\"wp-caption-text\">Na 2\u00aa fase do projecto do CEP dentro das instala\u00e7\u00f5es do IST-Tagus, os fundadores do Observat\u00f3rio Aeroespacial de Oeiras (ex-CS1MAR, ex-CS1RAD) emprestam e v\u00e3o suprindo outros materiais, torres, antenas e mais equipamentos, que permitiram a coloca\u00e7\u00e3o em funcionamento parcial da esta\u00e7\u00e3o de radioamadores, dotada com os equipamentos retirados do Centro de Juventude de Oeiras.<\/p><\/div>\n<p style=\"text-align: justify;\">Num projecto de parceria, que teve por fim, partilhar e valorizar dentro do concelho de Oeiras e na regi\u00e3o de Lisboa todos os recursos criados e progressivamente\u00a0reunidos pela estrutura associativa do Observat\u00f3rio Aeroespacial durante 19 anos, foi no ano de 2006 que infelizmente e com excesso de confian\u00e7a, viemos\u00a0propor junto da direc\u00e7\u00e3o do IST-Tagus (Instituto Superior T\u00e9cnico), atrav\u00e9s dos seus presidente e vice-presidente de ent\u00e3o, respectivamente Prof. Guilherme Arroz e Mois\u00e9s Piedade, a cria\u00e7\u00e3o em parceria de uma esta\u00e7\u00e3o permanente para o rastreio de sat\u00e9lites do servi\u00e7o de amador por sat\u00e9lite, a ser criada e a funcionar dentro das instala\u00e7\u00f5es do IST no Taguspark.<\/p>\n<p style=\"text-align: justify;\">O projecto ent\u00e3o proposto foi aceite de m\u00e3os abertas, ele suscitou imenso interesse e motiva\u00e7\u00e3o por ambas as partes, com entusiasmo imprudente e de\u00a0boa-f\u00e9 por parte dos promotores do Observat\u00f3rio Aeroespacial de Oeiras fundado e dotado pela ONG de Ambiente Liga do Mar desde 1987.<\/p>\n<p style=\"text-align: justify;\">Imediatamente foram os\u00a0s\u00f3cios fundadores do Observat\u00f3rio Aeroespacial, que motivados mas igualmente incautos, come\u00e7aram a emprestar os seus pr\u00f3prios equipamentos e materiais, antenas, r\u00e1dios e computadores e ainda rotores e torres, para se dar inicio \u00e0 primeira fase do projecto, que ficou instalado num gabinete no 1\u00ba piso do IST-Tagus em 2006.<\/p>\n<div id=\"attachment_182\" style=\"width: 310px\" class=\"wp-caption alignright\"><a href=\"https:\/\/www.amsat-ct.pt\/wp-content\/uploads\/2015\/01\/cep-003.jpg\"><img loading=\"lazy\" decoding=\"async\" aria-describedby=\"caption-attachment-182\" class=\"wp-image-182 size-medium\" src=\"https:\/\/www.amsat-ct.pt\/wp-content\/uploads\/2015\/01\/cep-003-300x225.jpg\" alt=\"cep no ist em 2006\" width=\"300\" height=\"225\" \/><\/a><p id=\"caption-attachment-182\" class=\"wp-caption-text\">Equipamentos dos autores e fundadores do Observat\u00f3rio Aeroespacial de Oeiras emprestado ao IST-Tagus em 2006, durante a cria\u00e7\u00e3o da 1\u00aa fase do Centro Espacial Portugu\u00eas. Jovem fundador e dirigente do observat\u00f3rio, explica ao vice-presidente do IST a configura\u00e7\u00e3o dos novos sistemas inform\u00e1ticos e de r\u00e1dio emprestados ao IST-Tagus.<\/p><\/div>\n<p style=\"text-align: justify;\">Parte significativa dos equipamentos, propriedade dos autores e criadores do Observat\u00f3rio, foram retirados do Centro de Juventude Oeiras e directamente emprestados ao IST-Tagus atrav\u00e9s dos seus respons\u00e1veis, conforme se referem\u00a0as\u00a0fotografias ao lado.<\/p>\n<p style=\"text-align: justify;\">Na fase mais avan\u00e7ada do projecto o IST-Tagus em 2010 disponibilizou um novo espa\u00e7o no R\/C das novas instala\u00e7\u00f5es, numa\u00a0fase da sua amplia\u00e7\u00e3o, lugar onde se reinstalou o CEP, continuando o Observat\u00f3rio Aeroespacial e os seus fundadores e autores, fortemente motivados, mas imprudentes, continuaram a emprestar mais novos materiais, como racks,\u00a0outros\u00a0equipamentos dos s\u00f3cios partilhados atrav\u00e9s da AMRAD com o IST-Tagus, acervo adquirido e reunido pela Liga do Mar desde\u00a01987, tudo meios partilhados com\u00a0 IST-Tagus, e que foram transferidos entre 2007 e 2013 das instala\u00e7\u00f5es do Observat\u00f3rio Aeroespacial no Centro de Juventude de Oeiras.<\/p>\n<div id=\"attachment_577\" style=\"width: 365px\" class=\"wp-caption alignleft\"><a href=\"https:\/\/www.amsat-ct.pt\/wp-content\/uploads\/2015\/01\/semana-ciencia-0141.jpg\"><img loading=\"lazy\" decoding=\"async\" aria-describedby=\"caption-attachment-577\" class=\"wp-image-577\" src=\"https:\/\/www.amsat-ct.pt\/wp-content\/uploads\/2015\/01\/semana-ciencia-0141-300x225.jpg\" alt=\"Observat\u00f3rio Aeroespacial de Oeiras, vista geral da esta\u00e7\u00e3o e dos equipamentos de r\u00e1dio e antenas parab\u00f3lica para 2,4 GHz\" width=\"355\" height=\"266\" srcset=\"https:\/\/www.amsat-ct.pt\/wp-content\/uploads\/2015\/01\/semana-ciencia-0141-300x225.jpg 300w, https:\/\/www.amsat-ct.pt\/wp-content\/uploads\/2015\/01\/semana-ciencia-0141.jpg 1600w\" sizes=\"auto, (max-width: 355px) 100vw, 355px\" \/><\/a><p id=\"caption-attachment-577\" class=\"wp-caption-text\">Observat\u00f3rio Aeroespacial de Oeiras &#8211; vista geral da esta\u00e7\u00e3o, dos equipamentos de r\u00e1dio e antena parab\u00f3lica para\u00a02,4 GHz, na maioria s\u00e3o materiais emprestados ao IST-Tagus desde 2006<\/p><\/div>\n<p>\u00a7 &#8211; Com a fase de autonomiza\u00e7\u00e3o do Observat\u00f3rio Aeroespacial, estamos desde 2013 a tentar recolher e ser ressarcidos pelo IST-Tagus dos bens e materiais que\u00a0fomos suprindo e\u00a0emprestando durante estes 8 anos, reiteradamente partilhados de boa-f\u00e9.<\/p>\n","protected":false},"excerpt":{"rendered":"<p>Num projecto de parceria, que teve por fim, partilhar e valorizar dentro do concelho de Oeiras e na regi\u00e3o de Lisboa todos os recursos criados e progressivamente\u00a0reunidos pela estrutura associativa do Observat\u00f3rio Aeroespacial durante 19 anos, foi no ano de 2006 que infelizmente e com excesso de confian\u00e7a, viemos\u00a0propor junto da direc\u00e7\u00e3o do IST-Tagus (Instituto [&hellip;]<\/p>\n","protected":false},"author":1,"featured_media":0,"parent":19,"menu_order":0,"comment_status":"open","ping_status":"open","template":"","meta":{"footnotes":""},"class_list":["post-642","page","type-page","status-publish","hentry"],"_links":{"self":[{"href":"https:\/\/www.amsat-ct.pt\/index.php?rest_route=\/wp\/v2\/pages\/642","targetHints":{"allow":["GET"]}}],"collection":[{"href":"https:\/\/www.amsat-ct.pt\/index.php?rest_route=\/wp\/v2\/pages"}],"about":[{"href":"https:\/\/www.amsat-ct.pt\/index.php?rest_route=\/wp\/v2\/types\/page"}],"author":[{"embeddable":true,"href":"https:\/\/www.amsat-ct.pt\/index.php?rest_route=\/wp\/v2\/users\/1"}],"replies":[{"embeddable":true,"href":"https:\/\/www.amsat-ct.pt\/index.php?rest_route=%2Fwp%2Fv2%2Fcomments&post=642"}],"version-history":[{"count":13,"href":"https:\/\/www.amsat-ct.pt\/index.php?rest_route=\/wp\/v2\/pages\/642\/revisions"}],"predecessor-version":[{"id":1993,"href":"https:\/\/www.amsat-ct.pt\/index.php?rest_route=\/wp\/v2\/pages\/642\/revisions\/1993"}],"up":[{"embeddable":true,"href":"https:\/\/www.amsat-ct.pt\/index.php?rest_route=\/wp\/v2\/pages\/19"}],"wp:attachment":[{"href":"https:\/\/www.amsat-ct.pt\/index.php?rest_route=%2Fwp%2Fv2%2Fmedia&parent=642"}],"curies":[{"name":"wp","href":"https:\/\/api.w.org\/{rel}","templated":true}]}}