{"id":1034,"date":"2015-01-30T12:11:27","date_gmt":"2015-01-30T12:11:27","guid":{"rendered":"http:\/\/www.amsat-ct.pt\/?page_id=1034"},"modified":"2015-02-20T08:50:47","modified_gmt":"2015-02-20T08:50:47","slug":"amsat-uma-rede-global","status":"publish","type":"page","link":"https:\/\/www.amsat-ct.pt\/?page_id=1034","title":{"rendered":"AMSAT"},"content":{"rendered":"<div id=\"attachment_286\" style=\"width: 310px\" class=\"wp-caption alignleft\"><a href=\"https:\/\/www.amsat-ct.pt\/wp-content\/uploads\/2015\/01\/safe_image.png\"><img loading=\"lazy\" decoding=\"async\" aria-describedby=\"caption-attachment-286\" class=\"wp-image-286 size-medium\" src=\"https:\/\/www.amsat-ct.pt\/wp-content\/uploads\/2015\/01\/safe_image-300x157.png\" alt=\"AMSAT-NA\" width=\"300\" height=\"157\" \/><\/a><p id=\"caption-attachment-286\" class=\"wp-caption-text\">AMSAT-NA, The Radio Amateur Satellite Corporation<\/p><\/div>\n<p style=\"text-align: justify;\"><strong><a href=\"http:\/\/www.amsat.org\/\">The Radio Amateur Satellite Corporation <\/a><\/strong>ou AMSAT como \u00e9 hoje conhecida e reconhecida\u00a0em todo o Mundo, \u00e9 um conceito associativo e uma ONG que foi formada no ano de 1969 em\u00a0Columbia, nos Estados Unidos da Am\u00e9rica, sendo fundada como uma organiza\u00e7\u00e3o educativa, no \u00e2mbito daquilo que \u00e9 hoje oficialmente definido por Servi\u00e7o de Amador por Sat\u00e9lite uma outra forma de ser e explorar o radioamadorismo cient\u00edfico e tecnol\u00f3gico.<\/p>\n<p style=\"text-align: justify;\">O\u00a0objetivo original da AMSAT que era o de promoverem a participa\u00e7\u00e3o dos Radioamadores no estudo e investiga\u00e7\u00e3o das comunica\u00e7\u00f5es espaciais, tem sido amplamente alcan\u00e7ado.<\/p>\n<p style=\"text-align: justify;\">A AMSAT foi fundada com o fim de\u00a0prosseguirem os esfor\u00e7os pioneiros iniciados em 1961 pelo autores do projeto <a href=\"http:\/\/en.wikipedia.org\/wiki\/OSCAR\"><strong>OSCAR \u2013 Orbiting Satellite Carrier Amateur Radio<\/strong><\/a>, que era ent\u00e3o um grupo de amadores de r\u00e1dio da costa Este dos EUA que estudou, desenvolveu,\u00a0construiu e lan\u00e7ou o primeiro sat\u00e9lite de radioamador o OSCAR-1, que lan\u00e7ado no espa\u00e7o em \u00f3rbita terrestre polar no dia 12 de Dezembro de 1961, imediatamente ap\u00f3s, num hiato de quatro anos apenas, logo depois do lan\u00e7amento do primeiro sat\u00e9lite colocado no espa\u00e7o pela R\u00fassia, o hist\u00f3rico sat\u00e9lite Sputnik.<\/p>\n<p style=\"text-align: justify;\">Hoje a gra\u00e7a destes sat\u00e9lites de constru\u00e7\u00e3o quase caseira, estudados, desenvolvidos e fabricados pelos radioamadores, assim como a maioria do hardware e software criado pelos amadores e que orbitam no espa\u00e7o, tem sido criado e tornado realidade gra\u00e7as ao esfor\u00e7o desses grupos de amadores associados em muitas outras organiza\u00e7\u00f5es AMSAT que funcionam nos EUA, na Europa, \u00c1sia, \u00c1frica e Oce\u00e2nia, \u00e9 sem duvidas um tremendo esfor\u00e7o dessas AMSAT, resultados de desmedidos e dedicados trabalhos e tamb\u00e9m de muitos recursos doados a esses organismos.<\/p>\n<div id=\"attachment_1042\" style=\"width: 214px\" class=\"wp-caption alignright\"><a href=\"https:\/\/www.amsat-ct.pt\/wp-content\/uploads\/2015\/01\/OSCAR_1.jpg\"><img loading=\"lazy\" decoding=\"async\" aria-describedby=\"caption-attachment-1042\" class=\"wp-image-1042 \" src=\"https:\/\/www.amsat-ct.pt\/wp-content\/uploads\/2015\/01\/OSCAR_1-242x300.jpg\" alt=\"OSCAR_1\" width=\"204\" height=\"253\" \/><\/a><p id=\"caption-attachment-1042\" class=\"wp-caption-text\">Sat\u00e9lite OSCAR-1<\/p><\/div>\n<p style=\"text-align: justify;\">Portugal n\u00e3o \u00e9 excep\u00e7\u00e3o e foi assim, que este projecto da AMSAT-CT nasceu e se concretizou em 1998, embora os seus autores e dirigentes j\u00e1 tivessem individualmente colocado Portugal e \u00c1frica na epopeia do Espa\u00e7o quando desde os anos de 1972 se iniciavam com as primeiras comunica\u00e7\u00f5es via sat\u00e9lite, em Portugal e em Angola, atrav\u00e9s dos sat\u00e9lites OSCAR-6 e OSCAR-7.<\/p>\n<p style=\"text-align: justify;\">Prosseguiram um longo caminho de mais de 40 anos ininterruptos de estudo e aprendizagem, que depois quiseram partilhar com outros radioamadores, mas particularmente com crian\u00e7as e jovens estudantes, recreando-lhes as janelas de oportunidades educativas que nas suas inf\u00e2ncias lhes eram negadas, por raz\u00f5es pol\u00edticas e tamb\u00e9m por brutal escassez de recursos, falta de compet\u00eancias e meios t\u00e9cnicos e cient\u00edficos nestes dom\u00ednios.<\/p>\n<p style=\"text-align: justify;\">A AMSAT-CT emerge em 1987 mas s\u00f3 em 1998 fundou o Observat\u00f3rio Aeroespacial de Oeiras em parceria com a REP, fundou depois a AMRAD em 2002, criou o conceito e fundou o Centro Espacial Portugu\u00eas dentro do IST-Tagus no ano de 2006, para o qual os autores e os fundadores que nunca tiveram liga\u00e7\u00f5es com o IST, emprestavam e partilhavam todos os materiais e equipamentos que possu\u00edam, cedendo essa universidade apenas: o espa\u00e7o dentro das suas instala\u00e7\u00f5es.<\/p>\n<p style=\"text-align: justify;\">Tratou-se de um projecto de parceria absolutamente inovador, nunca at\u00e9 ent\u00e3o produzido nem alcan\u00e7ado em Portugal, mas que infeliz e abusivamente, falhou, quando em 2012 professores, funcion\u00e1rios e alunos que a este\u00a0projecto se ligariam depois,\u00a0por interesses corporativos, empresariais e pessoais,\u00a0quiseram encerrar o projecto e os meios dentro dessa universidade, impedindo o seu funcionamento exterior, tal qual tinha sido concebido e criado,\u00a0conforme foi dotado durante 17 anos\u00a0e incessantemente partilhado em boa-f\u00e9, pelos seus autores e fundadores desde\u00a01998.<\/p>\n","protected":false},"excerpt":{"rendered":"<p>The Radio Amateur Satellite Corporation ou AMSAT como \u00e9 hoje conhecida e reconhecida\u00a0em todo o Mundo, \u00e9 um conceito associativo e uma ONG que foi formada no ano de 1969 em\u00a0Columbia, nos Estados Unidos da Am\u00e9rica, sendo fundada como uma organiza\u00e7\u00e3o educativa, no \u00e2mbito daquilo que \u00e9 hoje oficialmente definido por Servi\u00e7o de Amador por [&hellip;]<\/p>\n","protected":false},"author":1,"featured_media":0,"parent":0,"menu_order":0,"comment_status":"open","ping_status":"open","template":"","meta":{"footnotes":""},"class_list":["post-1034","page","type-page","status-publish","hentry"],"_links":{"self":[{"href":"https:\/\/www.amsat-ct.pt\/index.php?rest_route=\/wp\/v2\/pages\/1034","targetHints":{"allow":["GET"]}}],"collection":[{"href":"https:\/\/www.amsat-ct.pt\/index.php?rest_route=\/wp\/v2\/pages"}],"about":[{"href":"https:\/\/www.amsat-ct.pt\/index.php?rest_route=\/wp\/v2\/types\/page"}],"author":[{"embeddable":true,"href":"https:\/\/www.amsat-ct.pt\/index.php?rest_route=\/wp\/v2\/users\/1"}],"replies":[{"embeddable":true,"href":"https:\/\/www.amsat-ct.pt\/index.php?rest_route=%2Fwp%2Fv2%2Fcomments&post=1034"}],"version-history":[{"count":14,"href":"https:\/\/www.amsat-ct.pt\/index.php?rest_route=\/wp\/v2\/pages\/1034\/revisions"}],"predecessor-version":[{"id":1341,"href":"https:\/\/www.amsat-ct.pt\/index.php?rest_route=\/wp\/v2\/pages\/1034\/revisions\/1341"}],"wp:attachment":[{"href":"https:\/\/www.amsat-ct.pt\/index.php?rest_route=%2Fwp%2Fv2%2Fmedia&parent=1034"}],"curies":[{"name":"wp","href":"https:\/\/api.w.org\/{rel}","templated":true}]}}